{"id":2821,"date":"2019-01-27T14:02:26","date_gmt":"2019-01-27T13:02:26","guid":{"rendered":"https:\/\/www.cyn91.fr\/?page_id=2821"},"modified":"2019-06-03T17:53:20","modified_gmt":"2019-06-03T15:53:20","slug":"le-club","status":"publish","type":"page","link":"https:\/\/www.cyn91.fr\/index.php\/le-club\/","title":{"rendered":"Le Club"},"content":{"rendered":"<p>[vc_row][vc_column][vc_custom_heading text=&#8221;Le club en quelques mots&#8230;&#8221; font_container=&#8221;tag:h2|text_align:left|color:%2300785a&#8221; google_fonts=&#8221;font_family:Montserrat%3Aregular%2C700|font_style:400%20regular%3A400%3Anormal&#8221;][vc_column_text]<\/p>\n<p>Cr\u00e9\u00e9 en 1975, le club compte en 2019 environ 520 adh\u00e9rents de tout \u00e2ge et tout niveau. Le club a pour tradition de licencier tous ses nageurs (loisirs compris).<\/p>\n\n<p>Conscient de sa mission de service public (<a href=\"https:\/\/www.santepubliquefrance.fr\/Actualites\/Troisiemes-resultats-de-l-enquete-NOYADES-2018-en-France\" target=\"_blank\" rel=\"noopener noreferrer\">encore plus de 900 noyades accidentelles en 2018 en France<\/a>), le CYN participe activement tous les ans \u00e0 l&#8217;op\u00e9ration <a href=\"https:\/\/www.ffnatation.fr\/pourquoi-savoir-nager\" target=\"_blank\" rel=\"noopener noreferrer\">Savoir Nager<\/a> promu par la F\u00e9d\u00e9ration Fran\u00e7aise de Natation. Il permet ainsi chaque ann\u00e9e \u00e0 plusieurs jeunes de tout \u00e2ge d&#8217;apprendre \u00e0 nager et ainsi de mieux ma\u00eetriser le milieu aquatique.<\/p>\n<p>[\/vc_column_text][\/vc_column][\/vc_row][vc_row content_placement=&#8221;middle&#8221;][vc_column width=&#8221;1\/3&#8243;]<button id='button-id-' class='btn btn-normal btn-lg' style='background-color: #00785a'><i class='fa fa fa-users'><\/i> Le bureau<\/button><style>#button-id-:hover{color: #000000 !important;background-color: #b6ff82 !important;}<\/style>[vc_empty_space]<a id='button-id-1' target='_self' href='.\/index.php\/equipe-pedagogique' class='btn btn-normal btn-lg' style='background-color: #00785a'><i class='fa fa fa-users'><\/i> L&#8217;\u00e9quipe p\u00e9dagogique<\/a><style>#button-id-1:hover{color: #000000 !important;background-color: #b6ff82 !important;}<\/style>[vc_empty_space]<a id='button-id-2' target='_self' href='.\/index.php\/nos-partenaires' class='btn btn-normal btn-lg' style='background-color: #00785a'><i class='fa fa fa-building-o'><\/i> Nos partenaires<\/a><style>#button-id-2:hover{color: #000000 !important;background-color: #b6ff82 !important;}<\/style>[\/vc_column][vc_column width=&#8221;1\/3&#8243;]<a id='button-id-3' target='_self' href='.\/index.php\/officiels' class='btn btn-normal btn-lg' style='background-color: #00785a'><i class='fa fa fa-users'><\/i> Les officiels<\/a><style>#button-id-3:hover{color: #000000 !important;background-color: #b6ff82 !important;}<\/style>[vc_empty_space]<a id='button-id-4' target='_self' href='.\/index.php\/resultats' class='btn btn-normal btn-lg' style='background-color: #00785a'><i class='fa fa fa-signal'><\/i> R\u00e9sultats<\/a><style>#button-id-4:hover{color: #000000 !important;background-color: #b6ff82 !important;}<\/style>[vc_empty_space]<a id='button-id-5' target='_self' href='.\/index.php\/galerie-de-photos' class='btn btn-normal btn-lg' style='background-color: #00785a'><i class='fa fa fa-camera'><\/i> Galerie de photos<\/a><style>#button-id-5:hover{color: #000000 !important;background-color: #b6ff82 !important;}<\/style>[\/vc_column][vc_column width=&#8221;1\/3&#8243;]<a id='button-id-6' target='_self' href='.\/index.php\/records' class='btn btn-normal btn-lg' style='background-color: #00785a'><i class='fa fa fa-line-chart'><\/i> Records<\/a><style>#button-id-6:hover{color: #000000 !important;background-color: #b6ff82 !important;}<\/style>[vc_empty_space]<a id='button-id-7' target='_self' href='.\/index.php\/liens-utiles' class='btn btn-normal btn-lg' style='background-color: #00785a'><i class='fa fa fa-link'><\/i> Liens utiles<\/a><style>#button-id-7:hover{color: #000000 !important;background-color: #b6ff82 !important;}<\/style>[\/vc_column][\/vc_row]<\/p>\n","protected":false},"excerpt":{"rendered":"<p>[vc_row][vc_column][vc_custom_heading text=&#8221;Le club en quelques mots&#8230;&#8221; font_container=&#8221;tag:h2|text_align:left|color:%2300785a&#8221; google_fonts=&#8221;font_family:Montserrat%3Aregular%2C700|font_style:400%20regular%3A400%3Anormal&#8221;][vc_column_text] Cr\u00e9\u00e9 en 1975, le club compte en 2019 environ 520 adh\u00e9rents de tout \u00e2ge et tout niveau. Le club a pour tradition de licencier tous ses nageurs (loisirs compris). Conscient de sa &hellip;<\/p>\n","protected":false},"author":1,"featured_media":0,"parent":0,"menu_order":14,"comment_status":"closed","ping_status":"closed","template":"","meta":{"advgb_blocks_editor_width":"","advgb_blocks_columns_visual_guide":""},"yoast_head":"<!-- This site is optimized with the Yoast SEO plugin v16.5 - https:\/\/yoast.com\/wordpress\/plugins\/seo\/ -->\n<title>Le Club - Club Yerrois de Natation<\/title>\n<meta name=\"robots\" content=\"index, follow, max-snippet:-1, max-image-preview:large, max-video-preview:-1\" \/>\n<link rel=\"canonical\" href=\"https:\/\/www.cyn91.fr\/index.php\/le-club\/\" \/>\n<meta property=\"og:locale\" content=\"fr_FR\" \/>\n<meta property=\"og:type\" content=\"article\" \/>\n<meta property=\"og:title\" content=\"Le Club - Club Yerrois de Natation\" \/>\n<meta property=\"og:description\" content=\"[vc_row][vc_column][vc_custom_heading text=&#8221;Le club en quelques mots&#8230;&#8221; font_container=&#8221;tag:h2|text_align:left|color:%2300785a&#8221; google_fonts=&#8221;font_family:Montserrat%3Aregular%2C700|font_style:400%20regular%3A400%3Anormal&#8221;][vc_column_text] Cr\u00e9\u00e9 en 1975, le club compte en 2019 environ 520 adh\u00e9rents de tout \u00e2ge et tout niveau. Le club a pour tradition de licencier tous ses nageurs (loisirs compris). Conscient de sa &hellip;\" \/>\n<meta property=\"og:url\" content=\"https:\/\/www.cyn91.fr\/index.php\/le-club\/\" \/>\n<meta property=\"og:site_name\" content=\"Club Yerrois de Natation\" \/>\n<meta property=\"article:publisher\" content=\"https:\/\/www.facebook.com\/ClubYerroisNatation\" \/>\n<meta property=\"article:modified_time\" content=\"2019-06-03T15:53:20+00:00\" \/>\n<meta name=\"twitter:card\" content=\"summary_large_image\" \/>\n<meta name=\"twitter:label1\" content=\"Dur\u00e9e de lecture est.\" \/>\n\t<meta name=\"twitter:data1\" content=\"2 minutes\" \/>\n<script type=\"application\/ld+json\" class=\"yoast-schema-graph\">{\"@context\":\"https:\/\/schema.org\",\"@graph\":[{\"@type\":\"Organization\",\"@id\":\"https:\/\/www.cyn91.fr\/#organization\",\"name\":\"Club Yerrois de Natation\",\"url\":\"https:\/\/www.cyn91.fr\/\",\"sameAs\":[\"https:\/\/www.facebook.com\/ClubYerroisNatation\"],\"logo\":{\"@type\":\"ImageObject\",\"@id\":\"https:\/\/www.cyn91.fr\/#logo\",\"inLanguage\":\"fr-FR\",\"url\":\"https:\/\/www.cyn91.fr\/wp-content\/uploads\/Logos\/Logo-cyn_sans-texte_150x75.png\",\"contentUrl\":\"https:\/\/www.cyn91.fr\/wp-content\/uploads\/Logos\/Logo-cyn_sans-texte_150x75.png\",\"width\":150,\"height\":75,\"caption\":\"Club Yerrois de Natation\"},\"image\":{\"@id\":\"https:\/\/www.cyn91.fr\/#logo\"}},{\"@type\":\"WebSite\",\"@id\":\"https:\/\/www.cyn91.fr\/#website\",\"url\":\"https:\/\/www.cyn91.fr\/\",\"name\":\"Club Yerrois de Natation\",\"description\":\"Club Yerrois de Natation\",\"publisher\":{\"@id\":\"https:\/\/www.cyn91.fr\/#organization\"},\"potentialAction\":[{\"@type\":\"SearchAction\",\"target\":\"https:\/\/www.cyn91.fr\/?s={search_term_string}\",\"query-input\":\"required name=search_term_string\"}],\"inLanguage\":\"fr-FR\"},{\"@type\":\"WebPage\",\"@id\":\"https:\/\/www.cyn91.fr\/index.php\/le-club\/#webpage\",\"url\":\"https:\/\/www.cyn91.fr\/index.php\/le-club\/\",\"name\":\"Le Club - Club Yerrois de Natation\",\"isPartOf\":{\"@id\":\"https:\/\/www.cyn91.fr\/#website\"},\"datePublished\":\"2019-01-27T13:02:26+00:00\",\"dateModified\":\"2019-06-03T15:53:20+00:00\",\"breadcrumb\":{\"@id\":\"https:\/\/www.cyn91.fr\/index.php\/le-club\/#breadcrumb\"},\"inLanguage\":\"fr-FR\",\"potentialAction\":[{\"@type\":\"ReadAction\",\"target\":[\"https:\/\/www.cyn91.fr\/index.php\/le-club\/\"]}]},{\"@type\":\"BreadcrumbList\",\"@id\":\"https:\/\/www.cyn91.fr\/index.php\/le-club\/#breadcrumb\",\"itemListElement\":[{\"@type\":\"ListItem\",\"position\":1,\"name\":\"Accueil\",\"item\":\"https:\/\/www.cyn91.fr\/\"},{\"@type\":\"ListItem\",\"position\":2,\"name\":\"Le Club\"}]}]}<\/script>\n<!-- \/ Yoast SEO plugin. -->","coauthors":[],"author_meta":{"author_link":"https:\/\/www.cyn91.fr\/index.php\/author\/mikchek91\/","display_name":"Michael"},"relative_dates":{"created":"Publi\u00e9 7 ans il y a","modified":"Mis \u00e0 jour 7 ans il y a"},"absolute_dates":{"created":"Publi\u00e9 le 27 janvier 2019","modified":"Mise \u00e0 jour le 3 juin 2019"},"absolute_dates_time":{"created":"Publi\u00e9 le 27 janvier 2019 14 h 02 min","modified":"Mise \u00e0 jour le 3 juin 2019 17 h 53 min"},"featured_img_caption":"","featured_img":false,"series_order":"","post_mailing_queue_ids":[],"_links":{"self":[{"href":"https:\/\/www.cyn91.fr\/index.php\/wp-json\/wp\/v2\/pages\/2821"}],"collection":[{"href":"https:\/\/www.cyn91.fr\/index.php\/wp-json\/wp\/v2\/pages"}],"about":[{"href":"https:\/\/www.cyn91.fr\/index.php\/wp-json\/wp\/v2\/types\/page"}],"author":[{"embeddable":true,"href":"https:\/\/www.cyn91.fr\/index.php\/wp-json\/wp\/v2\/users\/1"}],"replies":[{"embeddable":true,"href":"https:\/\/www.cyn91.fr\/index.php\/wp-json\/wp\/v2\/comments?post=2821"}],"version-history":[{"count":16,"href":"https:\/\/www.cyn91.fr\/index.php\/wp-json\/wp\/v2\/pages\/2821\/revisions"}],"predecessor-version":[{"id":21026,"href":"https:\/\/www.cyn91.fr\/index.php\/wp-json\/wp\/v2\/pages\/2821\/revisions\/21026"}],"wp:attachment":[{"href":"https:\/\/www.cyn91.fr\/index.php\/wp-json\/wp\/v2\/media?parent=2821"}],"curies":[{"name":"wp","href":"https:\/\/api.w.org\/{rel}","templated":true}]}}